to base 2.
-100001101110111000101
2413052 (base 6) to base 5
13021032
12004102 (base 5) to base 7
635262
-612287 (base 10) to base 6
-21042355
Convert 699940 (base 14) to base 4.
31232231210
What is -1dcaa (base 16) in base 9?
-205344
-45353115 (base 7) to base 2
-1111000011010111001101
What is 10311323133 (base 4) in base 9?
2344343
24231603 (base 7) to base 5
1023043024
3222143231 (base 5) to base 3
110212012202012
2138e (base 15) to base 2
11001101111011010
What is 21001201001212 (base 3) in base 12?
131031b
What is 60610053 (base 7) in base 5?
2242411124
What is 32441 (base 16) in base 9?
343375
3416 (base 9) to base 16
9de
What is -3a4722 (base 12) in base 11?
-5a7686
2874568 (base 10) to base 16
2bdcc8
What is -3307b (base 15) in base 3?
-22020101022
Convert -47a0aa (base 12) to base 13.
-317056
What is -31100030 (base 4) in base 6?
-1055152
111030135 (base 6) to base 13
554c54
Convert 23320454 (base 6) to base 7.
6112303
9049002 (base 10) to base 16
8a13aa
-172428 (base 12) to base 10
-398048
Convert 203102551 (base 6) to base 8.
15302643
Convert 1261 (base 15) to base 3.
12101001
What is -550004 (base 7) in base 3?
-11212202012
ba51d (base 14) to base 6
13400023
46764a5 (base 11) to base 15
ab3cb7
3320176 (base 10) to base 13
8c3302
What is 656087 (base 10) in base 3?
1020022222112
Convert -2757658 (base 10) to base 6.
-135034534
512722 (base 10) to base 14
d4bd0
Convert -1215465 (base 10) to base 4.
-10220233221
-338628 (base 15) to base 6
-124405232
Convert eb663 (base 15) to base 3.
1101222010110
What is -1112102012002 (base 3) in base 13?
-227057
-12365a3 (base 12) to base 14
-688443
-334334242 (base 5) to base 7
-15404352
-1256746 (base 8) to base 4
-1111313212
Convert -103043323 (base 5) to base 7.
-3513102
What is 1de0d4 (base 16) in base 15?
28a2a0
What is 653560 (base 7) in base 5?
12123123
1761a7 (base 11) to base 5
32144022
What is 152755 (base 9) in base 6?
2002505
-1dabd (base 16) to base 4
-131222331
Convert 12003323310 (base 4) to base 11.
995908
What is 299b7 (base 12) in base 13?
207bb
What is -2459599 (base 10) in base 16?
-2587cf
Convert 14a473 (base 16) to base 5.
321242234
663225 (base 8) to base 5
24112434
What is 725761 (base 16) in base 11?
4258a59
3a4184 (base 15) to base 16
2ab290
1000010010000010010010 (base 2) to base 12
88846a
Convert -131212101 (base 4) to base 5.
-12334413
What is 1065bb (base 12) in base 8?
773737
What is -11242113 (base 5) in base 8?
-310577
Convert 33441622 (base 7) to base 6.
142102501
Convert -2130123 (base 7) to base 3.
-111011210110
Convert -244014 (base 9) to base 12.
-71287
-3875578 (base 10) to base 2
-1110110010001011111010
What is 2927a4 (base 13) in base 16?
f5722
What is -1014233345 (base 6) in base 3?
-201212201202002
14b157 (base 13) to base 7
4222502
What is -931918 (base 13) in base 11?
-1a33895
Convert -3083797 (base 10) to base 2.
-1011110000111000010101
10100111010110110011 (base 2) to base 3
1021211022120
What is 4484764 (base 10) in base 3?
22102211221101
Convert -500114145 (base 6) to base 14.
-118c253
What is -67671 (base 10) in base 13?
-24a56
Convert -3d229c (base 14) to base 16.
-2054f2
What is -1b1583 (base 12) in base 2?
-1110101000011110011
Convert 1cc1b9 (base 13) to base 7.
6203335
-d8d14 (base 15) to base 11
-42aa58
-6335a (base 16) to base 5
-101000422
Convert -6311 (base 7) to base 8.
-4245
Convert -104678 (base 9) to base 6.
-1201242
1025050 (base 6) to base 10
50358
Convert -216076 (base 10) to base 6.
-4344204
Convert -240598 (base 11) to base 5.
-44201003
What is 1221201101121 (base 3) in base 6?
34123541
What is 302e0e (base 16) in base 5?
1302020033
Convert -211140 (base 5) to base 11.
-5325
Convert 1101110110111000 (base 2) to base 9.
85766
Convert -1412223121 (base 5) to base 11.
-2061507
What is -26b3a8 (base 12) in base 11?
-3a9097
Convert 265088 (base 9) to base 7.
1240640
Convert 1001010001101001000101 (base 2) to base 3.
11120112110200
Convert -2021313302 (base 4) to base 2.
-10001001110111110010
What is 160d2 (base 15) in base 8?
212640
54991 (base 12) to base 7
644344
11171025 (base 9) to base 16
52b46a
-10211122100001 (base 3) to base 9
-3748301
563507 (base 10) to base 9
1047878
What is 105803 (base 9) in base 12?
307a9
Convert -21333113 (base 5) to base 14.
-4ac57
23a5610 (base 12) to base 2
11010011101001100101100
What is -78858b (base 15) in base 10?
-5748881
What is -21201003 (base 4) in base 3?
-1222110200
What is 20122221122102 (base 3) in base 15?
49e702
354140215 (base 6) to base 14
c4b24b
26477054 (base 8) to base 14
b053c0
What is -30434624 (base 7) in base 13?
-6b2265
-1000001110001101100111 (base 2) to base 16
-20e367
What is -38108 (base 13) in base 5?
-11302221
What is 110110000111000001 (base 2) in base 7?
1612106
What is 14b0bc (base 13) in base 4?
1330132203
Convert 2332113200 (base 4) to base 12.
3172a8
-104521 (base 12) to base 4
-332213221
What is -12221002122 (base 3) in base 13?
-4117a
What is -536240 (base 8) in base 14?
-49516
-231531310 (base 7) to base 9
-28656831
Convert 4002243330 (base 5) to base 3.
112202222020120
Convert -2691017 (base 10) to base 11.
-157888a
Convert -101200211022222 (base 3) to base 4.
-111223323320
Convert 3432377 (base 12) to base 4.
212032022023
Convert -26650123 (base 7) to base 4.
-21122001211
What is 1031330021 (base 4) in base 2?
1001101111100001001
-1ccb81 (base 15) to base 7
-14661463
Convert 312131024 (base 5) to base 7.
13635256
What is 85432 (base 11) in base 7?
1025253
Convert -415031 (base 7) to base 16.
-116c6
What is 1ccc19 (base 16) in base 13?
511028
Convert 76d413 (base 14) to base 16.
3d84f9
Convert -14201132 (base 5) to base 13.
-51c0c
What is 77480 (base 10) in base 16?
12ea8
Convert -524802 (base 10) to base 2.
-10000000001000000010
What is 3752252 (base 8) in base 6?
34123054
Convert 274856 (base 16) to base 2.
1001110100100001010110
Convert 300320232 (base 4) to base 10.
200238
-152365561 (base 7) to base 14
-14d1868
What is -10001101011 (base 2) in base 16?
-46b
4240120230 (base 5) to base 8
41773542
What is -1202121201 (base 4) in base 5?
-100344131
Convert -6156355 (base 7) to base 10.
-736951
5679d (base 16) to base 10
354205
What is b41262 (base 15) in base 11?
4916a02
1344432 (base 6) to base 3
10212112002
-4020000 (base 5) to base 8
-174406
Convert -40415543 (base 7) to base 4.
-30311232200
Convert 896981 (base 11) to base 13.
3b0784
What is 303320101020 (base 4) in base 14?
1b402b6
What is -1a45dd (base 15) in base 7?
-13612054
What is 507330 (base 8) in base 5?
20331030
Convert 65a0a0 (base 13) to base 11.
1394709
Convert 17fce2 (base 16) to base 10.
1572066
Convert 213324140 (base 5) to base 11.
5772a9
What is 212151 (base 6) in base 12?
a057
What is 10b5ab4 (base 13) in base 16?
4ea40a
What is -145203 (base 6) in base 5?
-422430
-3420422 (base 5) to base 12
-2b195
What is 6535893 (base 11) in base 15?
101d514
What is 1002212212100 (base 3) in base 16?
8f9ac
1973a2 (base 12) to base 2
1101101011001101010
What is 224661 (base 11) in base 5?
42420001
403694 (base 10) to base 15
7e92e
-18c99 (base 15) to base 5
-10033334
-382641 (base 10) to base 8
-1353261
What is b14ab1 (base 14) in base 4?
112300323103
-d8434 (base 16) to base 9
-1600085
What is 131316032 (base 7) in base 6?
500113502
145500 (base 6) to base 4
3132030
What is 3143303320 (base 5) in base 7?
110155663
Convert 4a8628 (base 16) to base 13.
102005c
Convert 111661 (base 9) to base 4.
100111000
What is -222302023 (base 4) in base 15?
-36dcd
-1020022222 (base 4) to base 3
-120000110221
-503600 (base 8) to base 13
-5a5aa
Convert -1413132 (base 6) to base 2.
-10011011110010000
Convert 179cbc (base 13) to base 3.
1010010200111
757366 (base 11) to base 5
302212224
Convert -100011001101111001011 (base 2) to base 12.
-4779a3
Convert -3275526 (base 9) to base 3.
-10022112120220
What is -23341 (base 10) in base 2?
-101101100101101
-1a612 (base 15) to base 7
-504656
138757 (base 10) to base 12
68371
Convert 21312244 (base 5) to base 3.
100020221010
Convert -34a2d (base 14) to base 5.
-13100400
Convert 2774408 (base 9) to base 4.
11310122120
What is 271851 (base 9) in base 13?
5a3ca
-21555111 (base 7) to base 3
-10111121221020
100101011100001101 (base 2) to base 4
211130031
What is 11528228 (base 9)